usands digit of 414108?
4
What is the units digit of 5543223?
3
What is the ten thousands digit of 2105602?
0
What is the ten thousands digit of 6649116?
4
What is the hundred thousands digit of 445895?
4
What is the hundred thousands digit of 1846245?
8
What is the ten thousands digit of 3143225?
4
What is the units digit of 345321?
1
What is the hundreds digit of 1021256?
2
What is the hundreds digit of 126965?
9
What is the ten thousands digit of 12112425?
1
What is the millions digit of 6531663?
6
What is the tens digit of 9010112?
1
What is the tens digit of 1028372?
7
What is the thousands digit of 625378?
5
What is the millions digit of 1638567?
1
What is the hundreds digit of 7581397?
3
What is the thousands digit of 194963?
4
What is the thousands digit of 140118?
0
What is the thousands digit of 575390?
5
What is the hundreds digit of 4449985?
9
What is the ten thousands digit of 19400863?
0
What is the hundred thousands digit of 865812?
8
What is the millions digit of 7199930?
7
What is the thousands digit of 1774797?
4
What is the hundreds digit of 171190?
1
What is the ten thousands digit of 82016?
8
What is the hundred thousands digit of 186894?
1
What is the hundred thousands digit of 434653?
4
What is the units digit of 192599?
9
What is the thousands digit of 1974605?
4
What is the tens digit of 129172?
7
What is the hundred thousands digit of 271275?
2
What is the hundreds digit of 10589887?
8
What is the units digit of 10743628?
8
What is the tens digit of 330740?
4
What is the ten thousands digit of 8742882?
4
What is the units digit of 897671?
1
What is the ten thousands digit of 1093125?
9
What is the millions digit of 5089904?
5
What is the hundreds digit of 3101120?
1
What is the tens digit of 216496?
9
What is the thousands digit of 126707?
6
What is the thousands digit of 26973375?
3
What is the hundreds digit of 242400?
4
What is the tens digit of 1077923?
2
What is the hundred thousands digit of 6245833?
2
What is the units digit of 875711?
1
What is the units digit of 168985?
5
What is the hundred thousands digit of 6332496?
3
What is the units digit of 11863448?
8
What is the hundred thousands digit of 3449162?
4
What is the ten millions digit of 10394036?
1
What is the units digit of 9204769?
9
What is the ten thousands digit of 141312?
4
What is the millions digit of 4011476?
4
What is the tens digit of 56298?
9
What is the ten thousands digit of 1233768?
3
What is the hundred thousands digit of 121901?
1
What is the thousands digit of 67464?
7
What is the tens digit of 18640109?
0
What is the hundreds digit of 109209?
2
What is the units digit of 4710579?
9
What is the millions digit of 18923032?
8
What is the thousands digit of 21957721?
7
What is the thousands digit of 15354?
5
What is the hundred thousands digit of 8737391?
7
What is the hundreds digit of 8120?
1
What is the thousands digit of 255740?
5
What is the hundreds digit of 4579986?
9
What is the hundred thousands digit of 197097?
1
What is the hundreds digit of 55097?
0
What is the thousands digit of 4613834?
3
What is the tens digit of 263858?
5
What is the hundred thousands digit of 267681?
2
What is the ten millions digit of 15843062?
1
What is the tens digit of 4734466?
6
What is the units digit of 303730?
0
What is the tens digit of 725716?
1
What is the ten thousands digit of 16140354?
4
What is the hundred thousands digit of 6124365?
1
What is the ten thousands digit of 107722?
0
What is the thousands digit of 237934?
7
What is the tens digit of 566329?
2
What is the hundred thousands digit of 350403?
3
What is the thousands digit of 10587366?
7
What is the hundreds digit of 261004?
0
What is the hundred thousands digit of 380656?
3
What is the thousands digit of 479515?
9
What is the thousands digit of 174556?
4
What is the units digit of 17049133?
3
What is the hundred thousands digit of 19726348?
7
What is the ten thousands digit of 928381?
2
What is the units digit of 16044314?
4
What is the hundred thousands digit of 346369?
3
What is the tens digit of 2024488?
8
What is the hundreds digit of 2300223?
2
What is the hundred thousands digit of 441946?
4
What is the ten thousands digit of 2832654?
3
What is the hundred thousands digit of 12508387?
5
What is the hundred thousands digit of 10047089?
0
What is the tens digit of 1051798?
9
What is the units digit of 95089?
9
What is the thousands digit of 31225992?
5
What is the units digit of 80687?
7
What is the ten thousands digit of 767308?
6
What is the tens digit of 10903504?
0
What is the ten thousands digit of 392987?
9
What is the hundreds digit of 430517?
5
What is the ten thousands digit of 111800?
1
What is the ten thousands digit of 2332232?
3
What is the thousands digit of 783761?
3
What is the ten thousands digit of 8740811?
4
What is the hundred thousands digit of 391860?
3
What is the tens digit of 45020?
2
What is the units digit of 442971?
1
What is the hundreds digit of 2193196?
1
What is the hundred thousands digit of 4795610?
7
What is the units digit of 1481?
1
What is the units digit of 215384?
4
What is the units digit of 631935?
5
What is the millions digit of 9689016?
9
What is the hundreds digit of 10725294?
2
What is the units digit of 4510361?
1
What is the tens digit of 181554?
5
What is the thousands digit of 15138548?
8
What is the hundreds digit of 11351603?
6
What is the thousands digit of 598241?
8
What is the hundred thousands digit of 112231?
1
What is the hundreds digit of 50937?
9
What is the hundred thousands digit of 198330?
1
What is the thousands digit of 273243?
3
What is the hundred thousands digit of 3358425?
3
What is the millions digit of 1136753?
1
What is the hundred thousands digit of 11426130?
4
What is the thousands digit of 576251?
6
What is the hundreds digit of 520930?
9
What is the ten thousands digit of 1380710?
8
What is the hundred thousands digit of 1918904?
9
What is the tens digit of 3282259?
5
What is the ten thousands digit of 223770?
2
What is the units digit of 2287668?
8
What is the thousands digit of 276989?
6
What is the hundred thousands digit of 232587?
2
What is the units digit of 176160?
0
What is the hundred thousands digit of 22332136?
3
What is the tens digit of 15696123?
2
What is the ten thousands digit of 18081?
1
What is the hundred thousands digit of 2967393?
9
What is the units digit of 415988?
8
What is the tens digit of 909536?
3
What is the hundred thousands digit of 376792?
3
What is the millions digit of 2759540?
2
What is the tens digit of 10748754?
5
What is the thousands digit of 335789?
5
What is the units digit of 476326?
6
What is the millions digit of 29835245?
9
What is the millions digit of 1846784?
1
What is the thousands digit of 6719449?
9
What is the hundreds digit of 1550831?
8
What is the tens digit of 4368699?
9
What is the thousands digit of 1535543?
5
What is the units digit of 1076587?
7
What is the hundred thousands digit of 251391?
2
What is the ten thousands digit of 5842919?
4
What is the tens digit of 21144719?
1
What is the hundred thousands digit of 8374214?
3
What is the hundreds digit of 436515?
5
What is the units digit of 207754?
4
What is the hundreds digit of 27795?
7
What is the tens digit of 342264?
6
What is the ten millions digit of 10832419?
1
What is the hundreds digit of 1208569?
5
What is the hundreds digit of 1030159?
1
What is the millions digit of 3333954?
3
What is the units digit of 163706?
6
What is the tens digit of 502149?
4
What is the hundreds digit of 20688038?
0
What is the thousands digit of 76745?
6
What is the hundreds digit of 3662087?
0
What is the hundreds digit of 7332342?
3
What is the tens digit of 469026?
2
What is the tens digit of 76197?
9
What is the hundreds digit of 14155270?
2
What is the hundreds digit of 521103?
1
What is the units digit of 1130348?
8
What is the hundred thousands digit of 2989432?
9
What is the units digit of 1237733?
3
What is the ten thousands digit of 433502?
3
What is the units digit of 12055?
5
What is the hundred thousands digit of 226081?
2
What is the ten thousands digit of 2303350?
0
What is the ten thousands digit of 30382544?
8
What is the hundreds digit of 90622?
6
What is the hundreds digit of 5756576?